oes 8 divide 20140?
False
Does 18 divide 306?
True
Does 57 divide 3250?
False
Does 6 divide 9?
False
Is 4 a factor of 301?
False
Is 2399 a multiple of 3?
False
Does 37 divide 15059?
True
Is 340 a multiple of 85?
True
Does 16 divide 465?
False
Is 18 a factor of 180?
True
Is 1963 a multiple of 19?
False
Does 40 divide 640?
True
Is 5 a factor of 327?
False
Is 1039 a multiple of 39?
False
Does 4 divide 123?
False
Does 20 divide 357?
False
Is 62 a factor of 3782?
True
Is 37 a factor of 453?
False
Is 4 a factor of 97?
False
Does 7 divide 7308?
True
Is 31 a factor of 1550?
True
Is 202 a factor of 30898?
False
Is 24 a factor of 546?
False
Does 4 divide 724?
True
Does 13 divide 741?
True
Does 19 divide 31733?
False
Is 2 a factor of 14?
True
Is 3486 a multiple of 42?
True
Is 5130 a multiple of 135?
True
Is 204 a multiple of 3?
True
Is 32 a factor of 64?
True
Is 3744 a multiple of 50?
False
Does 64 divide 5274?
False
Does 40 divide 15779?
False
Is 43 a factor of 331?
False
Is 387 a multiple of 2?
False
Is 8697 a multiple of 12?
False
Is 2940 a multiple of 105?
True
Is 7 a factor of 152?
False
Does 9 divide 3654?
True
Is 4565 a multiple of 83?
True
Is 5030 a multiple of 27?
False
Is 5162 a multiple of 58?
True
Does 55 divide 9494?
False
Is 84277 a multiple of 35?
False
Does 16 divide 756?
False
Is 8006 a multiple of 5?
False
Does 78 divide 1362?
False
Is 11 a factor of 2057?
True
Is 16 a factor of 4224?
True
Is 112 a multiple of 8?
True
Is 36172 a multiple of 19?
False
Is 276 a multiple of 4?
True
Is 4616 a multiple of 12?
False
Is 37 a factor of 111?
True
Does 84 divide 30871?
False
Is 99 a multiple of 29?
False
Does 147 divide 10143?
True
Is 2 a factor of 33?
False
Is 735 a multiple of 21?
True
Does 9 divide 2142?
True
Is 46 a factor of 21804?
True
Is 76 a factor of 8034?
False
Is 32 a factor of 4170?
False
Is 3713 a multiple of 47?
True
Does 21 divide 677?
False
Does 28 divide 2520?
True
Is 48 a factor of 2996?
False
Is 7709 a multiple of 13?
True
Does 6 divide 887?
False
Does 7 divide 2891?
True
Does 134 divide 5181?
False
Is 13 a factor of 435?
False
Is 4195 a multiple of 248?
False
Is 10638 a multiple of 54?
True
Does 74 divide 9842?
True
Does 19 divide 8208?
True
Does 48 divide 32502?
False
Does 5 divide 1204?
False
Is 29 a factor of 1682?
True
Is 31515 a multiple of 165?
True
Does 22 divide 2283?
False
Is 5196 a multiple of 18?
False
Is 220 a multiple of 11?
True
Is 1625 a multiple of 46?
False
Is 110 a factor of 22965?
False
Does 9 divide 243?
True
Is 72 a factor of 5114?
False
Is 410 a multiple of 9?
False
Is 42 a factor of 14362?
False
Is 76751 a multiple of 28?
False
Is 27 a factor of 4610?
False
Does 24 divide 552?
True
Does 26 divide 1014?
True
Is 16 a factor of 170?
False
Is 8 a factor of 344?
True
Does 5 divide 393?
False
Is 7 a factor of 883?
False
Does 7 divide 2171?
False
Is 15022 a multiple of 58?
True
Does 41 divide 2583?
True
Does 21 divide 661?
False
Is 4 a factor of 275?
False
Is 31 a factor of 12041?
False
Is 2320 a multiple of 25?
False
Is 4050 a multiple of 54?
True
Is 47 a factor of 1518?
False
Is 3 a factor of 663?
True
Is 36 a factor of 8208?
True
Is 19 a factor of 5567?
True
Is 55 a factor of 17720?
False
Does 4 divide 51?
False
Is 144 a factor of 19584?
True
Is 592 a multiple of 31?
False
Is 4 a factor of 28?
True
Does 24 divide 4935?
False
Is 70640 a multiple of 80?
True
Is 9040 a multiple of 10?
True
Is 9 a factor of 378?
True
Is 22 a factor of 8462?
False
Is 78 a factor of 2886?
True
Does 10 divide 226?
False
Is 8794 a multiple of 11?
False
Is 783 a multiple of 5?
False
Is 14 a factor of 305?
False
Does 9 divide 4707?
True
Is 21 a factor of 850?
False
Does 37 divide 222?
True
Is 569 a multiple of 6?
False
Is 1597 a multiple of 30?
False
Is 38 a factor of 114?
True
Does 14 divide 528?
False
Is 6 a factor of 983?
False
Is 9 a factor of 1394?
False
Is 16 a factor of 139?
False
Is 62 a factor of 3968?
True
Is 56 a factor of 1146?
False
Is 27503 a multiple of 7?
True
Is 3996 a multiple of 54?
True
Is 9913 a multiple of 82?
False
Is 4940 a multiple of 54?
False
Is 400 a multiple of 25?
True
Is 913 a multiple of 30?
False
Is 1460 a multiple of 20?
True
Does 42 divide 29568?
True
Does 14 divide 462?
True
Is 47 a multiple of 2?
False
Is 371 a multiple of 35?
False
Does 35 divide 8540?
True
Is 18454 a multiple of 33?
False
Is 5 a factor of 34?
False
Does 118 divide 2832?
True
Is 1993 a multiple of 41?
False
Is 15 a factor of 690?
True
Is 13932 a multiple of 3?
True
Is 18 a factor of 684?
True
Is 18 a factor of 80?
False
Does 17 divide 483?
False
Is 6 a factor of 3122?
False
Does 21 divide 2991?
False
Is 19 a factor of 38836?
True
Does 7 divide 14801?
False
Is 7956 a multiple of 156?
True
Is 67 a factor of 268?
True
Does 12 divide 1584?
True
Is 1435 a multiple of 23?
False
Does 58 divide 22214?
True
Is 3 a factor of 368?
False
Does 22 divide 38192?
True
Does 31 divide 2737?
False
Is 15 a factor of 8171?
False
Is 14 a factor of 54557?
False
Is 450 a multiple of 10?
True
Is 1615 a multiple of 85?
True
Is 32760 a multiple of 234?
True
Is 28 a factor of 532?
True
Does 44 divide 4532?
True
Does 8 divide 49?
False
Is 3213 a multiple of 17?
True
Is 6814 a multiple of 16?
False
Does 80 divide 6658?
False
Does 21 divide 2373?
True
Does 9 divide 9714?
False
Is 643 a multiple of 5?
False
Is 6716 a multiple of 100?
False
Is 21 a factor of 6405?
True
Is 158 a factor of 9507?
False
Does 4 divide 5408?
True
Is 21 a factor of 23326?
False
Does 22 divide 77?
False
Does 15 divide 6448?
False
Is 35 a factor of 1925?
True
Is 22017 a multiple of 31?
False
Is 80 a factor of 3520?
True
Is 37278 a multiple of 19?
True
Is 423 a multiple of 7?
False
Is 65 a factor of 925?
False
Is 30567 a multiple of 23?
True
Is 23 a factor of 2024?
True
Is 1008 a multiple of 18?
True
Is 486 a multiple of 54?
True
Is 4633 a multiple of 41?
True
Is 542 a multiple of 6?
False
Is 2 a factor of 1183?
False
Is 4 a factor of 480?
True
Is 472 a multiple of 2?
True
Is 5 a factor of 164?
False
Is 549 a multiple of 47?
False
Is 1716 a multiple of 143?
True
Is 22461 a multiple of 13?
False
Is 83 a factor of 1185?
False
Is 360 a multiple of 9?
True
Does 64 divide 581?
False
Does 35 divide 2346?
False
Is 38639 a multiple of 38?
False
Does 3 divide 22?
False
Is 4680 a multiple of 36?
True
Is 4 a factor of 8135?
False
Is 15 a factor of 3780?
True
Is 833 a multiple of 7?
True
Does 4 divide 24518?
False
Does 7 divide 98?
True
Is 12165 a multiple of 159?
False
Does 118 divide 4439?
False
Does 11 divide 11418?
True
Is 342 a multiple of 4?
False
Is 23555 a multiple of 17?
False
Is 2142 a multiple of 55?
False
Does 185 divide 3060?
False
Does 17 divide 561?
True
Is 122 a multiple of 3?
False
Is 46 a factor of 6992?
True
Is 68 a factor of 338?
False
Is 84 a factor of 85260?
True
Is 31 a factor of 16551?
False
Does 23 divide 89?
False
Is 29 a factor of 5504?
False
Is 132299 a multiple of 306?
False
Is 141 a factor of 11036?
False
Is 8100 a multiple of 75?
True
Is 8100 a multiple of 10?
True
Is 17 a factor of 4310?
False
Does 23 divide 5270?
False
Does 60 divide 4740?
True
Is 650 a multiple of 26?
True
Does 13 divide 10686?
True
Is 8 a factor of 792?
True
Is 2 a factor of 400?
True
Is 41 a factor of 4223?
True
Does 7 divide 182?
True
Does 71 divide 139?
False
Is 16 a factor of 733?
False
Is 76 a factor of 912?
True
Does 34 divide 3434?
True
Does 4 divide 1620?
True
Is 16 a factor of 1812?
False
Is 50 a factor of 2800?
True
Is 74312 a multiple of 424?
False
Is 23 a factor of 21516?
False
Is 5 a factor of 105?
True
Is 4515 a multiple of 129?
True
Is 15 a factor of 536?
False
Is 13 a factor of 6448?
True
Does 6 divide 72?
True
Is 613 a multiple of 8?
False
Does 6 divide 1002?
True
Is 160 a factor of 16672?
False
Is 7560 a multiple of 15?
True
Is 45 a factor of 33345?
True
Does 25 divide 825?
True
Does 29 divide 2802?
False
Is 189 a multiple of 21?
True
Does 192 divide 10893?
False
Is 16 a factor of 12032?
True
Does 24 divide 24?
True
Is 303 a factor of 1818?
True
Is 390 a multiple of 66?
False
Does 5 divide 115?
True
Is 1028 a multiple of 7?
False
Does 17 divide 43333?
True
Is 651 a multiple of 31?
True
Is 467 a multiple of 22?
False
Is 24 a factor of 662?
False
Is 30995 a multiple of 86?
False
